697/(-51)*(-3)/1?
36
Let g(d) = d**2 - 9*d - 51. Let r = -10 - -12. Calculate the remainder when r is divided by g(13).
0
Let n(w) = -w**3 + 17*w**2 - 64*w - 1. What is the remainder when 536 is divided by n(10)?
5
Suppose -550 - 1282 = -8*h. What is the remainder when h is divided by 81?
67
Let a = -17 - -23. Suppose -o + 6*o = 145. Calculate the remainder when o is divided by a.
5
Let s(j) = 10*j + 0*j**2 - j**2 + 3*j + 3. Let w be s(13). Suppose 0 = 4*c - 3*i - 23 - 82, -w*i = 2*c - 39. Calculate the remainder when 47 is divided by c.
23
Calculate the remainder when 143 is divided by (0 + 10)*1/((-5)/(-4)).
7
Suppose a + 0*a = 2*a. Calculate the remainder when 54 is divided by (-10)/(-30) + a + (-82)/(-6).
12
Let i = -28 + 40. Let x be (20/(-10))/(2/(-3)). Suppose 2*s = 10, o + 6 = x*s - 2. Calculate the remainder when i is divided by o.
5
Let a = -4 - -43. Suppose 4*p - 17 = a. Suppose 0 = m - p + 3. Calculate the remainder when 41 is divided by m.
8
Let i = 52 + -48. Suppose -6*n + 2*n - 24 = 0. Calculate the remainder when 1 is divided by n/(-10) + i/10.
0
Let z = 4 + -2. Suppose z*h - 4*h - 12 = -2*g, 24 = 2*g + 2*h. What is the remainder when g is divided by (-11)/(-66) - 69/(-18)?
1
Let v = -16 - -45. Suppose 32*o = v*o + 18. What is the remainder when 11 is divided by o?
5
Let u be (2 - 3)/((-15)/120). Suppose 3*g - 10*x - 22 = -u*x, 0 = g - 3*x + 2. What is the remainder when 148 is divided by g?
8
Let w = 772 + -753. What is the remainder when w is divided by -1 + 0 - (-1 + -11)?
8
What is the remainder when (7/(-4))/((-8 - -14)/(-1392)) is divided by 12?
10
Let q = -157 - -184. Calculate the remainder when 377 is divided by q.
26
Calculate the remainder when ((-1)/(-3))/((-2)/246)*-2 is divided by 30.
22
Suppose 6*y - 16 = 8. Let n = -8 - -11. What is the remainder when n is divided by (-1)/(-6 + y)*2?
0
Let w(z) = z**3 - z**2 - 5*z + 7. Let d be (-9)/(-3) + (0 - 3) + 2. Let m = 14 - 13. Calculate the remainder when m is divided by w(d).
0
Let o be (-4)/6 + (40/(-3))/(-5). Calculate the remainder when 1 + o + -6 + 4*8 is divided by 8.
5
Suppose 2*x - 265 - 129 = 5*y, 2*y = -5*x + 927. What is the remainder when x is divided by 19?
16
Let f(w) = 96*w + w**3 + 0 + 3 - 93*w - 7 - w**2. Let y = 23 + -7. Calculate the remainder when y is divided by f(2).
4
Suppose -110 = -2*s - 62. Calculate the remainder when 139 is divided by s.
19
Let s(a) = -4*a**3 - 32*a**2 - 3*a - 1. What is the remainder when 341 is divided by s(-8)?
19
Suppose 4*u = 9 + 3. Suppose 5*n + 92 = u*w - 77, n - 1 = 0. Let o = 28 + -13. Calculate the remainder when w is divided by o.
13
Let m = -48 - -68. Suppose 4 = 3*f + 2*g - 1, -g + m = 5*f. Calculate the remainder when 12 is divided by f.
2
Suppose 12 = 2*u - 5*k, 0 = 3*u - k - k - 18. Suppose 0 = 18*n - 26*n + 224. What is the remainder when n is divided by u?
4
Let s(h) = 27*h + 1. Let t = -13 - -17. Let m be s(t). Suppose 4*n + 48 = z, 2*z = -z + 5*n + m. What is the remainder when z is divided by 15?
13
Let n = 16 - 11. Let v = 19 + -33. Let x = 26 + v. What is the remainder when x is divided by n?
2
Suppose -429 = 299*q - 310*q. Calculate the remainder when q is divided by 32.
7
Suppose 1233 = 18*l + 45. What is the remainder when 400 is divided by l?
4
Let j(p) = -p**2 + 18*p + 147. Calculate the remainder when 135 is divided by j(24).
0
What is the remainder when 68 is divided by 3/4 - (-378)/72?
2
Suppose 0 = -0*h - 2*h + 458. Let q = -128 + h. What is the remainder when q is divided by 17?
16
Let s(v) = -v**2 + 9*v + 24. What is the remainder when s(8) is divided by 12?
8
Suppose -2*v = 5*g - 7*v - 3830, 0 = g - 5*v - 786. Suppose 6*t - 281 = -g. What is the remainder when 30 is divided by (-2 - -1)/(5/t)?
14
Let o(f) = -7*f**3 + 2*f**2 - f + 1. Let u be o(2). What is the remainder when 165 is divided by u/2*12/(-7)?
39
Let q be (2/8)/1 - 399/(-84). Suppose 101 + 4 = q*j. What is the remainder when j is divided by 11?
10
Suppose -5*s + 45 = 5*q - 0*q, -2*s - 4 = 0. Calculate the remainder when 38 is divided by q.
5
Let a(b) = b + 8. Let f be a(-5). Suppose f*y + 0*y = 6. Suppose 5*n - 3 - 2 = 0, -4*z + 4 = -4*n. What is the remainder when z is divided by y?
0
Suppose -d - 132 = d + s, 0 = 3*d + 2*s + 198. Calculate the remainder when d/((40/(-12))/5) is divided by 25.
24
Let p = 1202 - 1079. Calculate the remainder when p is divided by 73.
50
Suppose 5*v + 31 = p, 5*p = 2*v - 3*v + 25. Let g = p + 44. What is the remainder when g is divided by 14?
8
Let o(i) = i**2 + 6*i + 7. Let z be o(-5). Let f = 4 + z. Let g(y) = y**2 - 10*y + 11. What is the remainder when g(10) is divided by f?
5
Let f be -9*(-3)/9*53. Let k = f + -113. Calculate the remainder when k is divided by 16.
14
Suppose -2*t + 32 = 5*c, -2*c - 3*t = -4*c + 28. Suppose c*n = 6*n. Suppose n = -3*o - 0*o + 24. What is the remainder when 28 is divided by o?
4
Suppose 3*w = -w - 328. Suppose 37 - 11 = -2*b. Let q = b - w. Calculate the remainder when q is divided by 24.
21
Let n = 16 + 94. What is the remainder when 432 is divided by n?
102
Let k(a) = -4*a - 29. What is the remainder when 19 is divided by k(-10)?
8
Let z be (0 - -5) + 18 + -18. Let k = 22 - z. What is the remainder when 31 is divided by k?
14
Suppose 2125*f - 2135*f = -540. What is the remainder when 207 is divided by f?
45
Let w(z) = -2*z + 64. Suppose 14*r = 9*r + 90. What is the remainder when w(16) is divided by r?
14
Let n(m) = -11*m**3 - m. Suppose o - i = -4*o - 4, -4*o + 4*i = 0. What is the remainder when 57 is divided by n(o)?
9
Let m(u) = u**2 - 2*u + 29. Suppose 4*a - 24 = -4*q, -q + 0*q = 3*a - 14. Suppose -b = -a*b + 30. What is the remainder when m(0) is divided by b?
9
Let u(b) = -b**3 - 10*b**2 - 21*b - 14. Suppose 5*y - 4*a = -3*a - 433, 3*y - 4*a = -253. Let g = -38 - y. What is the remainder when g is divided by u(-8)?
23
Suppose -5*h + 399 = 2*d, -39*h = -d - 37*h + 177. What is the remainder when d is divided by 4?
3
Suppose 97 + 1483 = 10*f. Calculate the remainder when f is divided by 32.
30
Let z(f) = 2*f**3 - f**2 + 3*f - 4. Let u be z(2). What is the remainder when -2 - (-2116)/u - 23/161 is divided by 38?
35
Suppose 9*i - 1984 = -733. Calculate the remainder when i is divided by 18.
13
Let d = 20 + 33. What is the remainder when d is divided by 18?
17
Let d = -333 + 223. What is the remainder when -2*(d/4 + 4) is divided by 16?
15
Let a(p) = -p**3 + 22. Suppose -12 = 26*i - 27*i. What is the remainder when a(0) is divided by i?
10
Let r = 46 - 0. Let y = r - 41. Suppose 0*w - 7 = -w. Calculate the remainder when w is divided by y.
2
Suppose 0 = v - 3, 6*v = 2*f + 5*v - 235. Calculate the remainder when f is divided by 43.
33
Let t(p) = p - 5. Let n be ((-1)/(-2))/((-1)/(-10)). Let w be t(n). Suppose 3*a - 4*a + 19 = w. What is the remainder when 55 is divided by a?
17
What is the remainder when 30 + -19 - 270/(-3) is divided by 87?
14
Suppose 76 + 732 = 4*w - 4*p, w + 3*p - 202 = 0. Let i = -1879 - -1920. What is the remainder when w is divided by i?
38
Let t(g) = -5*g. Suppose 4*a = -3*m + 48, 4*m - a - 64 = -0*a. Calculate the remainder when t(-6) is divided by m.
14
Let f be (25/(-5))/5 - -3. Suppose -f*x = x + 3*p - 165, 3*p = 2*x - 100. What is the remainder when x is divided by 12?
5
Let g(w) be the first derivative of -7*w**2/2 - 7*w + 2. Calculate the remainder when 23 is divided by g(-3).
9
Let f = -446 - -818. What is the remainder when (-1)/((-35)/90)*(0 + 35) is divided by ((-1)/3)/((-4)/f)?
28
Suppose 9*r = 4*r + 4*j + 55, 15 = -3*j. Let s(f) = -3 - 3 + 418*f - 417*f. Calculate the remainder when s(r) is divided by 1.
0
What is the remainder when 31 is divided by 9*38/(-171)*(-9 - -1)?
15
Suppose 2409 = 15*j + 744. What is the remainder when j is divided by 104?
7
Suppose 13*w + 23 = 62. Suppose -w*s = -6*s + p + 34, 5*s + 2*p = 53. What is the remainder when s is divided by 4?
3
Let a be 88/56 - 6/(-14). Calculate the remainder when (-40)/(-18) - (-6)/(-27) is divided by 8/10*5/a.
0
Calculate the remainder when 112 is divided by (-696)/36*(-3)/2.
25
Calculate the remainder when 64 is divided by (3/(108/(-912)))/((-4)/6).
26
Suppose 2*d = -4*t + 54, 4*t = 6*t - 3*d - 15. Let j be 4 + (-5)/(10/(-142)). Calculate the remainder when (-